{"id":804,"date":"2019-02-11T19:14:05","date_gmt":"2019-02-11T23:14:05","guid":{"rendered":"http:\/\/guel.gob.ec\/azuay\/?page_id=804"},"modified":"2020-10-21T15:41:47","modified_gmt":"2020-10-21T19:41:47","slug":"rendicion-de-cuentas-2019","status":"publish","type":"page","link":"https:\/\/guel.gob.ec\/azuay\/rendicion-de-cuentas-2019\/","title":{"rendered":"Rendici\u00f3n de Cuentas 2019"},"content":{"rendered":"<p style=\"text-align: center;\">Rendici\u00f3n de cuentas a\u00f1o 2019<\/p>\n<p>FASE 1: Planificaci\u00f3n y facilitaci\u00f3n del proceso desde la asamblea ciudadana.<\/p>\n<p>1.- Mediante convocatoria por parte del presidente del GAD Parroquial G\u00fcel, se realiza la reuni\u00f3n con el consejo de planificaci\u00f3n y asamblea ciudadana, en la misma se realiza la designaci\u00f3n del equipo mixto, quedando de la siguiente manera:<\/p>\n<p>Sr. Jorge Ortega Sarmiento, representante de la ciudadan\u00eda<\/p>\n<p>Sr. \u00c1ngel Castro, representante del consejo de planificaci\u00f3n,<\/p>\n<p>Sr. Iv\u00e1n Tello, representante del GAD G\u00fcel, y<\/p>\n<p>Sr. Javier Cabrera, presidente del GAD Parroquial.<\/p>\n<p>En esta reuni\u00f3n tambi\u00e9n se realiza la revisi\u00f3n de la informaci\u00f3n que proporciona el GAD Parroquial a la ciudadan\u00eda y a la vez se realiza la entrega de esta informaci\u00f3n.<\/p>\n<p>Adjunto los medios de verificaci\u00f3n. &#8211;<\/p>\n<p><a href=\"https:\/\/guel.gob.ec\/azuay\/wp-content\/uploads\/2020\/10\/ACTACONFORMACIONEQUIPOMIXTO.pdf\">ACTA+CONFORMACION+EQUIPO+MIXTO<\/a> <a href=\"https:\/\/guel.gob.ec\/azuay\/wp-content\/uploads\/2020\/10\/ENTREGAINFORMACION-RENDICIONCUENTAS2019.pdf\">ENTREGA+INFORMACION-RENDICION+CUENTAS+2019<\/a> <a href=\"https:\/\/guel.gob.ec\/azuay\/wp-content\/uploads\/2020\/10\/REGISTROFIRMASENTREGAINFORMACION.pdf\">REGISTRO+FIRMAS+ENTREGA+INFORMACION<\/a><\/p>\n<p style=\"text-align: center;\">\u00a0FASE 2: Evaluaci\u00f3n de la gesti\u00f3n y redacci\u00f3n del informe de la instituci\u00f3n.<\/p>\n<p>Para cumplir con esta fase de la rendici\u00f3n de cuentas se realiza la recolecci\u00f3n de las diferentes preguntas y temas que la ciudadan\u00eda solicita que se rinda cuentas, con estos antecedentes se procede a realizar las diapositiva en las que constan todos los programas y proyectos que realiza el GAD Parroquial Rural de G\u00fcel durante su gesti\u00f3n en el a\u00f1o 2019, este proceso estuvo liderado por el GAD G\u00fcel y consejo de planificaci\u00f3n de la parroquia. A su vez se presenta al Presidente del GAD Parroquial de G\u00fcel, el informe de rendici\u00f3n de cuentas y formulario del GAD Parroquial, los mismos que son aprobados.<\/p>\n<p style=\"text-align: center;\">FASE 3. &#8211; Evaluaci\u00f3n ciudadana del informe institucional.<\/p>\n<p>En esta fase se inicia con la publicaci\u00f3n del informe preliminar de rendici\u00f3n de cuentas a trav\u00e9s de la plataforma de Facebook y pagina web del GAD Parroquial a su vez se realiza la invitaci\u00f3n a la deliberaci\u00f3n publica y evaluaci\u00f3n ciudadana, a los presidentes de los sectores e instituciones de forma presencial respetando los protocolos de bio-seguridad.<\/p>\n<p>Orden del d\u00eda \/ programa de \u201cDeliberaci\u00f3n Publica y Evaluaci\u00f3n Ciudadana de la Rendici\u00f3n de Cuentas del A\u00f1o 2019\u201d.<\/p>\n<p>D\u00eda Viernes, 02 de octubre de 2020 Hora 17:30<\/p>\n<p>Registro de invitados.<\/p>\n<p>Primero Bienvenida a todos los presentes a cargo de la Sra. Daniela Castro<\/p>\n<p>Segundo Himno Nacional del Ecuador<\/p>\n<p>Tercero Presentaci\u00f3n del Informe Rendici\u00f3n de Cuentas 2019 a cargo del Sr. Javier Cabrera presidente del GAD de G\u00fcel.<\/p>\n<p>Cuarto Preguntas y respuestas en base al informe de rendici\u00f3n de cuentas 2019<\/p>\n<p>Quinto Mesas de trabajo por comisiones.<\/p>\n<p>Sexto palabras de despedida.<\/p>\n<p>Adjunto medios de verificaci\u00f3n.<\/p>\n<p><a href=\"https:\/\/guel.gob.ec\/azuay\/wp-content\/uploads\/2020\/10\/CEDULASPRESUPUESTARIASPROGRAMASPROYECTOS2019.pdf\">CEDULAS+PRESUPUESTARIAS+PROGRAMAS+PROYECTOS+2019<\/a><\/p>\n<p><a href=\"https:\/\/guel.gob.ec\/azuay\/wp-content\/uploads\/2020\/10\/diapositivas-rendicion-de-cuentas-2019-2.pdf\">diapositivas rendicion de cuentas 2019 (2)<\/a><\/p>\n<p><a href=\"https:\/\/guel.gob.ec\/azuay\/wp-content\/uploads\/2020\/10\/REGISTROFIRMASDELIBERACIONPUBLICA.pdf\">REGISTRO+FIRMAS+DELIBERACION+PUBLICA<\/a><\/p>\n<p><img loading=\"lazy\" decoding=\"async\" class=\"alignnone  wp-image-913\" src=\"https:\/\/guel.gob.ec\/azuay\/wp-content\/uploads\/2020\/10\/INVITACION-RENDICIONDE-CUENTAS-550x389.jpg\" alt=\"\" width=\"452\" height=\"320\" srcset=\"https:\/\/guel.gob.ec\/azuay\/wp-content\/uploads\/2020\/10\/INVITACION-RENDICIONDE-CUENTAS-550x389.jpg 550w, https:\/\/guel.gob.ec\/azuay\/wp-content\/uploads\/2020\/10\/INVITACION-RENDICIONDE-CUENTAS-1024x724.jpg 1024w, https:\/\/guel.gob.ec\/azuay\/wp-content\/uploads\/2020\/10\/INVITACION-RENDICIONDE-CUENTAS-768x543.jpg 768w, https:\/\/guel.gob.ec\/azuay\/wp-content\/uploads\/2020\/10\/INVITACION-RENDICIONDE-CUENTAS-1536x1086.jpg 1536w, https:\/\/guel.gob.ec\/azuay\/wp-content\/uploads\/2020\/10\/INVITACION-RENDICIONDE-CUENTAS-2048x1448.jpg 2048w\" sizes=\"auto, (max-width: 452px) 100vw, 452px\" \/><\/p>\n<p>INVITACI\u00d3N A DELIBERACI\u00d3N P\u00daBLICA Y EVALUACI\u00d3N\u00a0 CIUDADANA<\/p>\n<p><img loading=\"lazy\" decoding=\"async\" class=\"alignnone  wp-image-917\" src=\"https:\/\/guel.gob.ec\/azuay\/wp-content\/uploads\/2020\/10\/01-550x413.jpg\" alt=\"\" width=\"289\" height=\"217\" srcset=\"https:\/\/guel.gob.ec\/azuay\/wp-content\/uploads\/2020\/10\/01-550x413.jpg 550w, https:\/\/guel.gob.ec\/azuay\/wp-content\/uploads\/2020\/10\/01-1024x768.jpg 1024w, https:\/\/guel.gob.ec\/azuay\/wp-content\/uploads\/2020\/10\/01-768x576.jpg 768w, https:\/\/guel.gob.ec\/azuay\/wp-content\/uploads\/2020\/10\/01.jpg 1280w\" sizes=\"auto, (max-width: 289px) 100vw, 289px\" \/> <img loading=\"lazy\" decoding=\"async\" class=\"alignnone  wp-image-918\" src=\"https:\/\/guel.gob.ec\/azuay\/wp-content\/uploads\/2020\/10\/02-550x413.jpg\" alt=\"\" width=\"288\" height=\"216\" srcset=\"https:\/\/guel.gob.ec\/azuay\/wp-content\/uploads\/2020\/10\/02-550x413.jpg 550w, https:\/\/guel.gob.ec\/azuay\/wp-content\/uploads\/2020\/10\/02-1024x768.jpg 1024w, https:\/\/guel.gob.ec\/azuay\/wp-content\/uploads\/2020\/10\/02-768x576.jpg 768w, https:\/\/guel.gob.ec\/azuay\/wp-content\/uploads\/2020\/10\/02.jpg 1280w\" sizes=\"auto, (max-width: 288px) 100vw, 288px\" \/><\/p>\n<p>ASISTENCIA DE LOS LIDERES DE LA PARROQUIA A LA DELIBERACI\u00d3N P\u00daBLICA<\/p>\n","protected":false},"excerpt":{"rendered":"<p>Rendici\u00f3n de cuentas a\u00f1o 2019 FASE 1: Planificaci\u00f3n y facilitaci\u00f3n del proceso desde la asamblea ciudadana. 1.- Mediante convocatoria por parte del presidente del GAD Parroquial G\u00fcel, se realiza la reuni\u00f3n con el consejo de planificaci\u00f3n y asamblea ciudadana, en la misma se realiza la designaci\u00f3n del equipo mixto, quedando de la siguiente manera: Sr. [&hellip;]<\/p>\n","protected":false},"author":8,"featured_media":0,"parent":0,"menu_order":0,"comment_status":"closed","ping_status":"closed","template":"","meta":{"footnotes":""},"yst_prominent_words":[89,66,82,98,90,87,94,68,64,95,88,93,86,99,65,63,96,91,80,92],"class_list":["post-804","page","type-page","status-publish","hentry"],"_links":{"self":[{"href":"https:\/\/guel.gob.ec\/azuay\/wp-json\/wp\/v2\/pages\/804","targetHints":{"allow":["GET"]}}],"collection":[{"href":"https:\/\/guel.gob.ec\/azuay\/wp-json\/wp\/v2\/pages"}],"about":[{"href":"https:\/\/guel.gob.ec\/azuay\/wp-json\/wp\/v2\/types\/page"}],"author":[{"embeddable":true,"href":"https:\/\/guel.gob.ec\/azuay\/wp-json\/wp\/v2\/users\/8"}],"replies":[{"embeddable":true,"href":"https:\/\/guel.gob.ec\/azuay\/wp-json\/wp\/v2\/comments?post=804"}],"version-history":[{"count":5,"href":"https:\/\/guel.gob.ec\/azuay\/wp-json\/wp\/v2\/pages\/804\/revisions"}],"predecessor-version":[{"id":907,"href":"https:\/\/guel.gob.ec\/azuay\/wp-json\/wp\/v2\/pages\/804\/revisions\/907"}],"wp:attachment":[{"href":"https:\/\/guel.gob.ec\/azuay\/wp-json\/wp\/v2\/media?parent=804"}],"wp:term":[{"taxonomy":"yst_prominent_words","embeddable":true,"href":"https:\/\/guel.gob.ec\/azuay\/wp-json\/wp\/v2\/yst_prominent_words?post=804"}],"curies":[{"name":"wp","href":"https:\/\/api.w.org\/{rel}","templated":true}]}}